e 4) in base 10?
2705
What is 69267 (base 13) in base 5?
22112222
Convert -121101000 (base 5) to base 8.
-2120766
Convert -440001 (base 8) to base 9.
-244241
5420756 (base 8) to base 10
1450478
241621 (base 9) to base 11
9a412
Convert 2102001221 (base 3) to base 9.
72057
Convert 13512 (base 7) to base 6.
25020
What is 11100111 (base 4) in base 3?
1002112020
88548a (base 13) to base 12
10a9ba7
Convert -82318a (base 15) to base 16.
-5e66ea
-1041020 (base 7) to base 9
-214038
What is 40165250 (base 7) in base 11?
1972888
What is -156036 (base 7) in base 15?
-924c
Convert -9523a5 (base 13) to base 16.
-353ec6
-4026105 (base 7) to base 4
-1310211012
Convert -651c11 (base 13) to base 12.
-966382
What is 10030110032 (base 4) in base 5?
240132042
Convert 1137070 (base 8) to base 13.
ab63a
Convert 439501 (base 12) to base 2.
100000110001010010001
Convert 2341331 (base 5) to base 11.
2a621
14303233 (base 7) to base 6
44502051
-632032 (base 7) to base 4
-122203102
2000001000211 (base 3) to base 4
10003223101
1787715 (base 10) to base 16
1b4743
What is -21201122110100 (base 3) in base 4?
-33222220212
90469 (base 10) to base 3
11121002201
-4a138 (base 11) to base 2
-10001100101100100
What is 1562420 (base 9) in base 4?
3103320030
24320224 (base 5) to base 4
320000333
What is -3243223102 (base 5) in base 12?
-241b5ba
What is 1715323 (base 9) in base 13?
275a51
-20002111 (base 5) to base 15
-315a6
What is -41138 (base 14) in base 13?
-563c4
What is 43898 (base 11) in base 10?
63632
-1100001100110101 (base 2) to base 8
-141465
-43092 (base 10) to base 13
-167ca
Convert 132310132 (base 5) to base 9.
1224874
What is -1230332 (base 7) in base 11?
-a9205
Convert 185121 (base 10) to base 16.
2d321
What is -114301004 (base 5) in base 2?
-10000100000001010010
1003302 (base 4) to base 14
181c
Convert 22110221222202 (base 3) to base 2.
10001001100010000101111
28992 (base 16) to base 10
166290
-15115512 (base 9) to base 12
-2621b85
What is 1434601 (base 7) in base 10?
193747
What is -215235 (base 6) in base 2?
-100011001100111
What is 491567 (base 11) in base 14?
163742
Convert -266063 (base 8) to base 13.
-3358c
Convert -5174722 (base 8) to base 12.
-563642
Convert 112211111100020 (base 3) to base 6.
440543010
What is 22751c (base 16) in base 2?
1000100111010100011100
Convert -17b6b (base 16) to base 2.
-10111101101101011
What is -38c620 (base 15) in base 13?
-74543a
What is -5461460 (base 9) in base 12?
-b95a16
-22400a (base 16) to base 4
-20210000022
14522 (base 10) to base 15
4482
Convert -119fe (base 16) to base 7.
-420316
1b4c2b (base 14) to base 5
222130032
-200175 (base 8) to base 6
-1223553
What is -20121202102 (base 3) in base 4?
-133310021
What is 852b46 (base 13) in base 10?
3119460
Convert 21210 (base 3) to base 11.
181
Convert 2110113232 (base 4) to base 12.
25383a
Convert 17895 (base 16) to base 15.
1d870
-242007 (base 10) to base 9
-407866
Convert 12011123001 (base 4) to base 16.
1856c1
What is -1332771 (base 8) in base 2?
-1011011010111111001
What is -228d25 (base 15) in base 9?
-3084278
Convert -63044 (base 10) to base 3.
-10012110222
What is 5144143 (base 6) in base 14?
6610b
Convert 212203100 (base 4) to base 13.
56b46
Convert -280a13 (base 12) to base 8.
-2422657
-201122010110 (base 3) to base 6
-12141103
-115b41 (base 15) to base 5
-203020121
Convert -11064203 (base 9) to base 4.
-110123310321
11021111120011 (base 3) to base 6
120421051
Convert -430021154 (base 6) to base 4.
-130311332332
110011010011111 (base 2) to base 10
26271
What is 1634315 (base 7) in base 3?
102112200202
-519ec (base 15) to base 6
-5313523
b0c65 (base 16) to base 15
e4814
-111010110000111001101110 (base 2) to base 5
-12420422104
5596c (base 15) to base 12
111593
What is -20222112021001 (base 3) in base 7?
-43353442
What is -136aa9 (base 11) in base 5?
-23324124
What is 152767 (base 9) in base 13?
339b2
154242020 (base 6) to base 16
32283c
What is 26a719 (base 14) in base 16?
145ec3
56db6 (base 16) to base 8
1266666
What is 10000000100010000000 (base 2) in base 5?
113321324
Convert 2788071 (base 11) to base 9.
10023061
312400 (base 9) to base 2
101101010010010010
-40690 (base 13) to base 7
-660241
Convert 1633 (base 11) to base 2.
100000101101
Convert 69863a (base 12) to base 15.
23706a
-15adb5 (base 14) to base 5
-143310201
What is -87b758 (base 12) in base 11?
-1242832
Convert -1068123 (base 11) to base 15.
-26e201
98aa240 (base 11) to base 5
13423024323
What is 80020 (base 12) in base 11?
10371a
What is 40dd2 (base 14) in base 4?
212023230
1823148 (base 9) to base 7
11443424
What is -10103114 (base 5) in base 16?
-13efb
What is -7233140 (base 8) in base 11?
-1098402
Convert 9e70d (base 16) to base 7.
5342023
-270bd (base 15) to base 2
-11110100001111101
Convert 46836 (base 13) to base 10.
128823
Convert -3380795 (base 10) to base 6.
-200243455
Convert -111001010110001 (base 2) to base 15.
-8a76
What is -b7d5c (base 14) in base 2?
-1101100011111111110
What is -2444104 (base 5) in base 11?
-32167
-9a5bdd (base 14) to base 15
-6d7bb7
Convert 187051 (base 9) to base 3.
12221001201
What is -c49a76 (base 14) in base 11?
-3821503
Convert 1331111001 (base 4) to base 7.
4235430
What is 99503 (base 10) in base 4?
120102233
Convert -3767b (base 14) to base 7.
-1103514
What is 1015416 (base 8) in base 10?
269070
Convert 110110111101101010 (base 2) to base 8.
667552
Convert 3466233 (base 8) to base 3.
1210000201101
-56e08 (base 16) to base 7
-3011313
What is 286bb (base 15) in base 16?
1faf0
14004301 (base 5) to base 12
69869
144350 (base 12) to base 3
122020021020
What is -34036 (base 8) in base 10?
-14366
Convert -f31e (base 16) to base 2.
-1111001100011110
Convert -34554 (base 9) to base 2.
-101101000001101
What is -204233 (base 10) in base 4?
-301313021
Convert 1133333310 (base 4) to base 6.
12232220
Convert -4130440 (base 5) to base 7.
-401100
What is -504130021 (base 6) in base 3?
-121011202000111
What is 2605f (base 16) in base 14?
40a87
Convert 123342054 (base 6) to base 15.
328924
Convert -3540525 (base 8) to base 9.
-1733421
-3b2ba (base 15) to base 7
-1416562
Convert 6946387 (base 10) to base 5.
3234241022
-1000101111010111 (base 2) to base 7
-206241
What is 1223423200 (base 5) in base 3?
12112221221022
Convert 22101202202 (base 3) to base 9.
271682
What is 232202020 (base 4) in base 15?
3b71a
4748417 (base 12) to base 5
12012024443
What is -327ad (base 16) in base 15?
-413e5
What is 138881 (base 9) in base 15?
1a40a
What is -203313 (base 8) in base 12?
-32b23
What is -c466 (base 15) in base 14?
-111a0
What is 6aca4 (base 14) in base 2?
111111100101010000
Convert -218d1 (base 15) to base 10.
-106621
What is -4363563 (base 9) in base 6?
-122132050
What is -111101100000110101 (base 2) in base 9?
-423552
Convert -11451041 (base 6) to base 16.
-58f81
What is -3224776 (base 8) in base 10?
-862718
Convert -135600306 (base 7) to base 2.
-100010000010110111111110
Convert 83667 (base 10) to base 12.
40503
Convert 110001011010110110111000 (base 2) to base 12.
4409188
-29a7c (base 13) to base 12
-39654
What is -312320332 (base 5) in base 13?
-3630a1
215420 (base 10) to base 7
1555022
Convert -38e8b (base 16) to base 7.
-1660406
What is -20466353 (base 7) in base 9?
-3227382
103c4 (base 14) to base 2
1001100100001000
Convert -32321 (base 7) to base 10.
-8051
Convert -11010010010001101111101 (base 2) to base 9.
-13861721
21120211120001 (base 3) to base 16
3d8520
Convert 22676 (base 8) to base 5.
302122
What is -94b039 (base 13) in base 10?
-3480096
Convert -115144524 (base 6) to base 4.
-20122302010
Convert -2050875 (base 11) to base 10.
-3617377
What is 12020002 (base 3) in base 14?
1561
Convert 3232123000 (base 4) to base 12.
3b1194
-149d5b (base 16) to base 15
-1ba46d
14235135 (base 6) to base 10
487139
Convert 130bbd (base 15) to base 4.
3133013233
What is -354560 (base 7) in base 9?
-106815
What is -12680 (base 13) in base 10?
-34073
What is -5c3fe (base 16) in base 2?
-1011100001111111110
What is 9540409 (base 10) in base 9?
18850874
Convert 2e59 (base 15) to base 11.
7557
What is 9d3887 (base 14) in base 16?
51a16f
Convert -1330331002 (base 4) to base 16.
-7cf42
What is 220100120212 (base 3) in base 10?
479381
What is -10340442 (base 5) in base 11?
-6178a
-3041342 (base 5) t